t common factor of l and 175?
7
Let m be (-4)/(-10) - 2308/(-5). Let b(w) = -8*w**3 + 247*w**2 + 741*w - 18. Let i be b(-3). What is the highest common factor of i and m?
66
Let k = 38 + 83. Let m = -107 + k. Suppose 0 = s - 4*i + 2, -i + m = 3*s - 3*i. What is the highest common divisor of s and 18?
6
Suppose 20 = -2*h + 2*c, 7*h - 2*h + c = -32. Let s be (-3)/(-7) + (-459)/h. Let q = -27 + s. Calculate the greatest common factor of q and 273.
39
Suppose -392*p - 991 = -126*p - 1253 - 1334. Suppose 4*r = 5*r + 31. Let d = -22 - r. Calculate the highest common factor of d and p.
3
Suppose -8*q + 9660 = 6*w - 6*q, 0 = w - 4*q - 1610. Calculate the greatest common divisor of 70 and w.
70
Suppose -3*d = -6*d - 54. Let w be d - -15 - (-13)/1. What is the highest common divisor of w and 6?
2
Suppose 0 = -4*w + 3772 + 1520. What is the greatest common divisor of w and 45?
9
Let v(y) = -y**3 - 14*y**2 + 52*y + 52. Let s be v(-17). Calculate the highest common divisor of s and 1205.
5
Let c = -3385 - -3397. What is the greatest common divisor of 10 and c?
2
Let b be (18/(-24)*2)/(3/(-20682)). Calculate the greatest common divisor of b and 27.
27
Let f be (-58)/(-5) + 4/10. Suppose -7*s + 33 = -4*s. Let m be ((-16)/s)/(-8) + 786/33. What is the highest common divisor of m and f?
12
Let o = 6648 - 6162. What is the greatest common factor of 12 and o?
6
Suppose -11*p = -77 - 99. Suppose k - p - 24 = 0. What is the greatest common factor of 24 and k?
8
Suppose -2006 = -2*z + j, 3*j = 17 - 35. What is the greatest common factor of 120 and z?
40
Suppose 5*c - 223 + 43 = 0. Suppose 10*q - 8*q + 24 = 0, -4*f = 3*q - 36. What is the greatest common factor of f and c?
18
Let v be 35875/35 + (-2 - 1). Calculate the highest common divisor of 98 and v.
14
Suppose 9 = -2*j - 3, -3174 = -2*u + 2*j. What is the greatest common factor of u and 93?
93
Let j(y) = -66*y - 129. Suppose 41*f - 21*f + 80 = 0. Let a be j(f). What is the greatest common divisor of a and 5?
5
Let r(o) = 2*o + 6. Suppose -9*z + 4*z = -5. Let v be r(z). Let b be (v/10)/((10/125)/1). What is the highest common factor of 2 and b?
2
Let m(l) = l**3 + 93*l**2 + 349*l - 614. Let t be m(-89). Calculate the highest common divisor of t and 3216.
3
Suppose 21*k + 27*k = 27648. Calculate the greatest common divisor of k and 792.
72
Suppose 4*p + 4*v = 684, -19*p + 15*p = 2*v - 682. What is the greatest common factor of 714 and p?
34
Let c(a) = -a**3 + 18*a**2 + 42*a - 17. Let n be c(20). Let m be (-414)/(-5)*115/46. What is the greatest common divisor of n and m?
23
Suppose -184*y + 185*y - 8 = 0, 4*q + 2*y - 1780 = 0. Calculate the highest common divisor of 336 and q.
21
Suppose 16088 = 4*a + 4*u, 5*u + 15285 + 4905 = 5*a. Calculate the greatest common factor of 775 and a.
155
Suppose 5*m - 65 = 5*k - 0, 5*m - 2*k = 68. Suppose -91*c + 92*c - 3*p - 551 = 0, 5*c = -3*p + 2809. What is the greatest common factor of m and c?
14
Suppose 2*t = 6*t - w - 1762, 3*t + 4*w = 1331. What is the greatest common factor of t and 36?
9
Suppose p + 5*f + 25 = 0, 3*f - 4 + 19 = -4*p. Suppose -3*x = p, -q = 4*x - 223 - 152. Calculate the greatest common factor of 15 and q.
15
Let v(b) = -b**3 - 103*b**2 - 107*b - 496. Let a be v(-102). Calculate the highest common factor of 9814 and a.
14
Let x(z) = 3*z**2 + 189*z + 210. Let r be x(-62). What is the greatest common factor of r and 2712?
24
Let v be (-5 - 152/(-32))/((26/24)/(-13)). What is the highest common divisor of v and 89?
1
Let b = 8011 - 7747. What is the highest common divisor of b and 60?
12
Let c(i) = 4319*i - 4167. Let o be c(1). Suppose 4*t - 38 = 2*t. Calculate the highest common factor of t and o.
19
Let v(h) = h**3 - 6*h**2 - 66*h + 78. Let k be v(14). Calculate the greatest common divisor of k and 1140.
38
Let l(r) = 2*r**3 - 37*r**2 - 9*r - 22. Let h be l(19). What is the highest common factor of h and 105?
21
Let z = -2 + 4. Let v be (84/(-12) - 4)*1. Let i = z - v. Calculate the greatest common factor of 91 and i.
13
Let f(b) = -2*b + 22. Let k be f(9). Suppose 76 = -k*a + 8*a. Let o = 44 - a. Calculate the greatest common factor of o and 100.
25
Suppose 0 = -3*p - 3 - 9. Let f be 30/(-4) - p/8. Let r be (3/(-6))/(f/98). Calculate the highest common divisor of r and 35.
7
Suppose -2*r - 5*n + 875 = 0, -16*r - 4*n = -11*r - 2230. What is the highest common divisor of r and 198?
18
Let t = 16 - 11. Suppose -17 = 3*o - 2*j - 30, 0 = -5*o + t*j + 30. What is the greatest common factor of o and 1?
1
Let f(z) = -z**3 + 6*z**2 + 9*z + 374. Let n be f(10). Suppose 4*i - 564 = 3*t, -554 - 158 = -5*i + 2*t. What is the highest common factor of i and n?
16
Suppose -3*o - 266 = -8*o + 4*g, 104 = 2*o - g. Let v be (-3 + -4)*(-40)/70 + 6. What is the greatest common factor of v and o?
10
Let w = -32 + -8. Let a = w - -1. Let l = a + 49. Calculate the highest common divisor of 4 and l.
2
Let f = -32 - -29. Let p = -30 + 33. Let l be (41 - -1)/(f/(-9)*p). Calculate the greatest common divisor of 28 and l.
14
Suppose -p - 4*s + 45 = 0, 105 = -0*p + 5*p - 4*s. Suppose p*k - 320 = 17*k. What is the greatest common divisor of k and 40?
40
Suppose -6*n = -u - 1686, 408*n - 404*n = -3*u + 1102. Calculate the greatest common divisor of 88 and n.
8
Let q be 168/15 - 2/10. Suppose 1 = -4*r - q. Let s be (-4)/(-12)*r*-248. What is the greatest common divisor of s and 31?
31
Let c(v) = -51*v - 347. Let d be c(-6). Let z(k) = k**2 + 38*k - 65. Let p be z(d). Calculate the highest common divisor of p and 87.
29
Let q be 37 + -34 + (0 - -845). What is the highest common divisor of 64 and q?
16
Suppose 38 = b - a, -884 + 708 = -4*b - 2*a. What is the greatest common factor of b and 15848?
14
Let v be (3 - 6)/((-9)/18*3). Calculate the greatest common divisor of v and 1138.
2
Let w = -174 - 41. Let t = w + 234. What is the highest common factor of 19 and t?
19
Let k(t) = t**3 - 10*t**2 - 25*t + 13. Let p be k(12). Let x = 165 - 166. Let l be (x/(-1) - -17) + (-3 - -1). What is the greatest common divisor of l and p?
1
Let i be (32/48)/((-25)/(-6975)). Calculate the greatest common factor of 4154 and i.
62
Suppose -5*z = -5*h - 45, 6*z = 7*z - 2*h - 12. Calculate the greatest common divisor of z and 2994.
6
Suppose 0 = 3*x - 4*x. Suppose 0 = -3*p + 15, -v - 3*p + 60 = -x*p. Let q be 12 - -6*1/(-2). What is the highest common divisor of v and q?
9
Let u(o) = 131*o**2 + o - 1. Let h be u(2). What is the highest common divisor of 42 and h?
21
Suppose 0 = 3*y - 0*w + 2*w - 22, y + 3*w = 19. Let p(h) = -2*h + 14. Let k be p(y). Let i = 56 + -38. Calculate the greatest common factor of k and i.
6
Let z be (-1)/(2/(-17 - 3)). Suppose -50*i = -46*i. Suppose 8 = 4*x, 2*a - x - 28 - 70 = i. What is the highest common divisor of z and a?
10
Let h = 10749 - 10380. What is the greatest common factor of 287 and h?
41
Suppose 0*t - o = -5*t + 5, 2*t - 2 = 2*o. Let h(n) = 2 + 3*n**2 - 4*n + 0*n**2 + 6*n**2. Let c be h(t). Calculate the greatest common factor of 35 and c.
7
Suppose 38*k - 33 - 43 = 0. Suppose -y = -k*s + 30, 0 = -2*s - 14*y + 9*y + 18. What is the highest common factor of 14 and s?
14
Let t = 501 - 505. Let i(u) = -4*u**3 + 4*u**2 + 10*u + 6. Let m be i(t). Calculate the highest common factor of 26 and m.
26
Let d = -2991 - -2996. Calculate the highest common divisor of d and 3350.
5
Suppose w - 5*w = 3*r - 20, w - 24 = 4*r. Let k(b) = -3*b + 20. Let j be k(w). Let y = 37 + j. What is the greatest common divisor of y and 33?
33
Let c(n) be the second derivative of n**4/2 + 6*n**3 + n + 18. Let b be c(4). Calculate the greatest common factor of b and 144.
48
Let q be 104/6*150/20. Suppose q = 3*p + 4*a - 394, -4*a - 16 = 0. Calculate the greatest common divisor of 20 and p.
20
Let b = 36284 + -36060. Let k(c) = c**2 - 4*c - 2. Let j be k(4). Let o be 2 + 24 + (-4)/j. Calculate the greatest common factor of o and b.
28
Suppose -5*j = 4*c - 567, 2*c = -3*j + 1039 - 758. Calculate the highest common factor of 7 and c.
1
Let y be (-1)/8 + 118283/88. Let w be (y/18)/4 + 2/(-3). What is the greatest common factor of w and 198?
18
Let b = 1628 + -1616. Let u(a) = a**3 + 6*a**2 + 3*a - 2. Let v be u(-5). Suppose -b*l + 48 = -v*l. Calculate the greatest common divisor of l and 3.
3
Let j =